 + 319. What is the remainder when w(-24) is divided by 14?
9
What is the remainder when 443 is divided by (-246)/(-1353) - (-1866)/22?
18
Let o(c) = 3*c**2 - 10*c + 193. Calculate the remainder when o(10) is divided by 92.
25
Let v = 11639 - 9049. Calculate the remainder when v is divided by 44.
38
Let n = 72 + -72. Suppose n*z + 10*z = 190. Let y(w) = -92*w. What is the remainder when y(-1) is divided by z?
16
Let x be 0/(2/1 - 4). Suppose 5*j + 1 = -r + 2*j, x = -5*j + 5. What is the remainder when 47 is divided by (2 + -3)*6*r?
23
Suppose 20 = -5*f - 3*a, 2*f - 17*a + 8 = -13*a. Calculate the remainder when 184 is divided by ((-5 - -25)/f - -10) + 88.
91
Suppose -73 + 3463 = 5*y. Suppose -682*m = -y*m - 276. What is the remainder when m is divided by (-3)/(3/(-16)) - -2?
15
Suppose 23 = -21*r + 23. Suppose -q + 9 + 16 = 5*n, r = 5*q + 5*n - 65. Calculate the remainder when 37 is divided by q.
7
Calculate the remainder when 466/1 - (7 - -47)/(-9) is divided by 43.
42
Let m = 40 - -66. Let r = m + -126. Calculate the remainder when 157 is divided by (-3)/(12/r) + 27.
29
Suppose -2*k + 126 = -3*w, -5*w = 8 - 18. Calculate the remainder when 401 is divided by k.
5
Let r(j) = -j**2 - 14*j + 33. Suppose -4*f = -5*u + 37, -u = 5*f + u + 38. What is the remainder when r(f) is divided by 3/15 + (-1)/(10/(-138))?
11
Let s(p) = 35*p**2 - 3*p - 5. Suppose v = 5*c + 15, -27 = -32*c + 23*c. What is the remainder when s(-4) is divided by v?
27
Let n = -6351 - -7035. Calculate the remainder when n is divided by 72.
36
Let u = 23 - -264. Let t = -249 + u. What is the remainder when 150 is divided by t?
36
Suppose -5*s + 4*j + 3123 = 0, 3*j + 110 = -s + 727. Calculate the remainder when s is divided by -3*16*(-4)/4.
47
Let f(l) be the second derivative of -l**3/3 + 12*l**2 - 104*l. What is the remainder when 55 is divided by f(-4)?
23
Let s be ((-3)/(-5))/((-87)/(-145)). Calculate the remainder when 1 + s - (-91 + (6 - 0)) is divided by 22.
21
Suppose -8570 = 18*x - 20*x + 4*s, -s = 3*x - 12820. Calculate the remainder when x is divided by 31.
28
Suppose -776*a = -778*a + 12, 561 = 3*p - 3*a. Calculate the remainder when p is divided by 18.
13
Let r = 544 - 438. Suppose -112*s + r*s + 192 = 0. Calculate the remainder when 181 is divided by s.
21
Let w = -165 - -200. Let b(m) = 4*m + 6. Calculate the remainder when b(14) is divided by w.
27
Suppose -5*v = -2*m + 98 + 247, 4*v - 3*m = -276. Let k = v + 102. Calculate the remainder when 123 is divided by k.
24
Calculate the remainder when ((-41)/(-5))/((-2)/(-5))*(214 + -2) is divided by 27.
26
Let s be ((-4900)/(-60))/((-1)/6). Let n = s - -691. What is the remainder when n is divided by 34?
31
Let d = 257 - 222. Calculate the remainder when 124 is divided by d.
19
Let v = -4993 + 5953. Calculate the remainder when v is divided by 138.
132
Suppose -4*h - r + 4 = 0, -2 + 0 = 3*h + 2*r. Calculate the remainder when 76 is divided by 26/(-5)*((-2)/4 - h).
11
Let q = -209 + 295. What is the remainder when q is divided by 201/10 - 10 - 2/20?
6
Let l(t) = 9*t + 3. Let s be l(7). Suppose -w = 5*w - s. Suppose 0 = -16*v + 20*v - 28. Calculate the remainder when w is divided by v.
4
Suppose -2*y + 68 = 10. Suppose 25*m = y*m - 476. Suppose -6*l - 300 = -16*l. Calculate the remainder when m is divided by l.
29
Suppose 348*j - 3 = 349*j. Let b(x) = -x**3 + 6*x**2 - x - 2. Calculate the remainder when 326 is divided by b(j).
80
Let r be (-18)/(-5) - (-2)/5. Let z(u) = 4*u - 4. Suppose -7*f = -23*k + 26*k - 90, 0 = -5*k - 3*f + 72. What is the remainder when z(r) is divided by k?
3
Let u = 4282 - 2376. What is the remainder when u is divided by 12?
10
Suppose 2*k + 4*k - 20 = 5*c, 15 = k + 5*c. What is the remainder when 54 + (1 - (-4)/(-4)) is divided by k?
4
Let b = -63 - -109. Let w = b + -2. Suppose -i = -q - 26 - w, 2*i = -3*q + 135. What is the remainder when i is divided by 18?
15
Let a = 136 - 164. Let i(s) = 2*s**2 - s + 2. Let g be i(2). What is the remainder when 54 is divided by (-12)/g*a/3?
12
Let i = -2096 - -2952. What is the remainder when i is divided by 66?
64
Let u be (-84)/(-35) + 4/(-10). Suppose -23*c = -19*c + 4, 0 = -u*o - 2*c + 22. Calculate the remainder when 32/((-2)/(-1 + -1)) is divided by o.
8
What is the remainder when 593 is divided by (14 + -13)*(-2 - -193)?
20
Calculate the remainder when 1247 is divided by (-2)/(-5)*(-31 + 317 + -26).
103
Let b = 579 + 6312. What is the remainder when b is divided by 113?
111
Let x = 45 - 53. Let y be 4/x*-8 - 32. Calculate the remainder when 20 is divided by 15 + 7/(y/8).
7
Let g be (-3 - -12) + (0 + 3 - 1). Suppose -4*o - 1498 = -g*o. Calculate the remainder when o is divided by 5.
4
Let k(m) be the third derivative of 7*m**4/12 + 38*m**2. Let r be k(2). Let y = 43 - r. What is the remainder when y is divided by 10?
5
What is the remainder when 75 is divided by 39/26*(6 - (0 - 30))?
21
Suppose 3*f - 795 + 206 = 2*o, -5*o - 25 = 0. Let d(q) = -1 + 2*q**2 + 0*q - q**2 - 3*q. Calculate the remainder when f is divided by d(-5).
37
Let n(o) = 54*o**2 - 84*o - 160. Calculate the remainder when n(-18) is divided by 183.
182
Suppose 2*x - 4*u - 60 = 0, -3*u + 6 - 21 = 0. Calculate the remainder when (2 + 408/(-5))*(48 - 53) is divided by x.
18
Let g(n) = -34*n + 229. Let c be g(5). Suppose -274 = -0*i - i. Suppose c + i = 3*h. Calculate the remainder when h is divided by 16.
15
Let a(g) = 4*g**3 - 11*g**2 + 19*g - 38. Calculate the remainder when 336 is divided by a(4).
100
Suppose 4*o - 113 + 89 = 0. Let l(z) = -2*z**3 + 13*z**2 - 7*z + 21. What is the remainder when 31 is divided by l(o)?
1
Suppose 5*m + 26*p - 30*p - 5000 = 0, -5*m - 2*p = -4970. Calculate the remainder when m is divided by 27.
24
Let q = 24134 + -24106. What is the remainder when q is divided by (-6)/(-33) - 306/(-11)?
0
Let d(n) = -n**3 + 6*n**2 + 4*n + 2. Let t(x) = -42*x**2 + 1007*x + 83. Calculate the remainder when t(24) is divided by d(6).
7
Suppose 155 = -31*h + 62*h. Suppose -129 = -4*l - h*v, 0 = 3*l - 15*v + 10*v - 53. Calculate the remainder when 169 is divided by l.
13
Suppose 0 = 17*h + 1935 - 2870. What is the remainder when 491 is divided by h?
51
Calculate the remainder when (1 + (-6)/15 - (-3615964)/310) + 4 is divided by 11.
9
Let o = 29 - 64. Let j = 50 + o. Let h = 42 - j. Calculate the remainder when 80 is divided by h.
26
Suppose -5*w - 5*q = -495, -2*q = -39*w + 34*w + 530. Calculate the remainder when 114 is divided by w.
10
Calculate the remainder when 545 is divided by 48/8 - 8 - 3/((-12)/1996).
48
Let m = 10 - 14. Calculate the remainder when 436/(-16)*m/1 is divided by 40.
29
Let v(r) = -2*r**3 + 8*r**2 - 10*r - 45. What is the remainder when v(-4) is divided by 145?
106
Let u(g) = g**2 - 9*g + 1. Let x be u(10). Suppose -16*i + 110 = -x*i. Calculate the remainder when i is divided by 8.
6
Let r = 3549 - 3536. Let i(p) = -2*p**3 + p - 1. What is the remainder when i(-5) is divided by r?
10
Suppose 5*p = 4*v + 15 - 0, 4*p + 14 = -2*v. Let b = p - -18. Let a(j) = 3*j**2 - 54*j + 10. What is the remainder when b is divided by a(18)?
7
Suppose 15*k = 25 + 35. Suppose -3*l + 2*l + 4*x - 7 = 0, -47 = -k*l + x. What is the remainder when 116 is divided by l?
12
Suppose 4*h - b = 2870 - 844, -2*h = 4*b - 1022. Calculate the remainder when h is divided by 84.
3
Calculate the remainder when 1148 is divided by 160*27/((-1485)/(-44)).
124
Suppose 62 = 5*n + 4*w, 4*n - 74 = -n + 2*w. Suppose 3*t + n = 2*b, 0*b + 3*b - 38 = -4*t. Let m = -35 + 82. Calculate the remainder when m is divided by b.
7
Suppose 4*j + 9 + 19 = -2*y, -3*j - 9 = 0. Let v be (-10)/y + (-1)/12*3. Calculate the remainder when (-6 - -4 - v)/(3/(-49)) is divided by 21.
7
Let l(v) = -4*v + 31. Let b be l(7). Suppose -x + 6 - b = 0, 4 = h + x. Let s(p) = 2*p. What is the remainder when s(1) is divided by h?
0
Let p(j) = -7*j - 35. Let d be p(-5). Suppose -38*v + 41*v - 87 = d. What is the remainder when 57 is divided by v?
28
Let z be (-1)/2 - 1/2. Let s = -755 - -816. Calculate the remainder when s is divided by (-129)/(-6) + z/2.
19
Let o = 54 + -144. Let y be 1 + -4 + o/(-2). Let m = -40 + y. Calculate the remainder when 3 is divided by m.
1
Let b(t) = t**2 - 1. Suppose 2*f = -3*j + 758, 4*f - 1524 = -